 f(w) = w**2 - 10*w + 17. What is f(8)?
1
Let x(j) = 3*j + 16. Determine x(3).
25
Let c(h) = -h**3 - 2*h**2 + 8*h + 11. Determine c(0).
11
Let f(w) = w**2 - 8*w - 25. Determine f(13).
40
Let r(z) = -z**2 + 15*z + 21. Calculate r(17).
-13
Let s(p) = -p**3 + 9*p**2 - 14*p - 2. What is s(7)?
-2
Let x(h) = -h - 7. Calculate x(-10).
3
Let n(l) = 27*l**2 - 3*l. Determine n(1).
24
Let k(x) = 2*x**3 - x**2 - 2*x - 1. Calculate k(2).
7
Let m(w) = -2*w - 9. Give m(-5).
1
Let z(x) = 55*x + 333. What is z(-6)?
3
Let o(i) = 2*i**2 - 66*i + 514. What is o(13)?
-6
Let u(f) = f**3 + 10*f**2 - 2*f - 14. Give u(-10).
6
Let n(v) = v**2 + 12*v + 19. Determine n(-10).
-1
Let q(w) = -37*w + 332. What is q(9)?
-1
Let o(z) = -11*z - 7. What is o(1)?
-18
Let b(u) = u**3 - u**2 - 4*u + 1. Calculate b(3).
7
Let l(n) = -n**2 + 4*n - 2. Calculate l(6).
-14
Let z(k) = -k**3 + 68*k**2 + 289*k - 66. Determine z(72).
6
Let k(i) = 6*i - 188. Determine k(31).
-2
Let f(g) = 32*g + 314. What is f(-10)?
-6
Let w(p) = 3*p + 18. Calculate w(-10).
-12
Let y(g) = -g**2 + 11*g + 8. What is y(8)?
32
Let j(d) = -d**3 + 7*d**2 + 21*d - 15. Calculate j(9).
12
Let y(s) = s**2 - 5*s - 7. Determine y(5).
-7
Let j(q) = 4*q - 22. What is j(7)?
6
Let b(s) = -2*s**2 - 11*s - 18. Give b(-11).
-139
Let u(o) = -14*o**2 + 5*o - 3. Calculate u(1).
-12
Let x(n) = -2*n**3 - 36*n**2 - 31*n + 47. Give x(-17).
-4
Let d(g) = -g**2 + 9*g + 9. Give d(9).
9
Let q(d) = -3*d**2 + 5*d + 5. Determine q(3).
-7
Let l(t) = t**3 + 5*t**2 - 8*t - 27. Give l(-4).
21
Let w(u) = -6*u**3 - 2*u**2 - 2*u. Give w(-1).
6
Let g(x) = x**3 + x**2 + 2*x - 20. Calculate g(0).
-20
Let n(b) = b**3 + 12*b**2 + 13*b + 31. Determine n(-11).
9
Let f(g) = -g**3 - 7*g**2 - 5*g. What is f(-5)?
-25
Let n(q) = -5*q**2 + 2*q + 4. Calculate n(-1).
-3
Let g(t) = 7*t - 25. Calculate g(3).
-4
Let a(p) = p**3 + 7*p**2 + 11*p + 3. What is a(-6)?
-27
Let a(b) = 62*b + 116. Determine a(-2).
-8
Let s(z) = 3*z**2 + 2*z - 2. What is s(-3)?
19
Let t(n) = n - 3. Calculate t(-5).
-8
Let o(a) = a - 24. Determine o(16).
-8
Let g(t) = -t**3 - 17*t**2 - 28*t + 21. Give g(-15).
-9
Let p(l) = l**3 + 4*l**2 + 3*l - 1. Determine p(-4).
-13
Let y(t) = 2*t**2 - t. Calculate y(3).
15
Let n(p) = 3*p**2 - 4*p + 3. Calculate n(2).
7
Let j(y) = y**2 + 23*y - 429. Determine j(12).
-9
Let k(c) = -c**3 + 8*c**2 - 4*c - 4. Calculate k(6).
44
Let u(j) = -j**3 + 3*j**2 + 3*j - 4. Calculate u(3).
5
Let z(j) = -20*j - 8. Give z(-1).
12
Let p(l) = -l**3 - 13*l**2 - 3*l - 61. What is p(-13)?
-22
Let w(f) = 2*f**2 + 20*f + 9. Calculate w(-9).
-9
Let y(h) = -2*h**3 - 2*h**2 - 2*h + 5. Determine y(-3).
47
Let n(i) = i**2 - 13*i + 45. Give n(8).
5
Let l(y) = -3*y**3 + 80*y**2 + 27*y - 44. Determine l(27).
-44
Let o(v) = -3*v**2 - 34*v + 66. What is o(2)?
-14
Let l(u) = -7*u**3 - u**2 - u + 2. Calculate l(-2).
56
Let n(k) = -k**2 - 6*k - 9. Determine n(-7).
-16
Let q(j) = j**2 + 2*j - 39. What is q(-6)?
-15
Let b(t) = t**3 - 15*t**2 + 15*t + 2. Give b(14).
16
Let d(i) = 4*i**2 - 4*i + 4. Calculate d(2).
12
Let g(l) = -l**3 + 2*l**2 + 4*l - 7. Determine g(3).
-4
Let m(i) = -i**3 + 24*i**2 - 15*i - 171. Determine m(23).
13
Let b(s) = 10*s - 26. Give b(2).
-6
Let g(p) = -4*p - 15. Determine g(-11).
29
Let h(k) = -9*k - 19. What is h(-8)?
53
Let j(w) = -10*w - 1. Determine j(2).
-21
Let z(c) = -c**3 + 2*c**2 - 3*c - 11. Give z(4).
-55
Let c(p) = 5*p**2 - 17*p - 9. Give c(4).
3
Let m(b) = b**3 - 13*b**2 + 9*b - 13. Give m(12).
-49
Let i(b) = b**3 + 3*b**2 - 11*b - 18. Calculate i(-4).
10
Let b(k) = 10*k - 4. Give b(-1).
-14
Let j(m) = m + 2. What is j(2)?
4
Let z(x) = -7*x + 10. What is z(-15)?
115
Let m(s) = -3*s**3 + 3*s + 2. Determine m(-1).
2
Let p(r) = 4*r - 113. What is p(28)?
-1
Let j(z) = z**3 + 7*z**2 - z - 2. Give j(-7).
5
Let l(t) = -t**3 - 7*t**2 + 6*t - 9. Determine l(-8).
7
Let o(x) = -21*x - 2. What is o(-2)?
40
Let b(k) = k**2 + 2*k - 32. Calculate b(0).
-32
Let j(c) = 2*c**2 + 4*c - 7. Calculate j(3).
23
Let n(h) = h**2 - 20*h - 480. Calculate n(-14).
-4
Let i(b) = -4*b**2 - 5*b + 39. Give i(-4).
-5
Let j(u) = 6*u. What is j(1)?
6
Let a(f) = f**2 + 13*f - 33. What is a(-15)?
-3
Let r(h) = -9*h - 81. Determine r(-14).
45
Let g(k) = k**3 - 10*k**2 + 17*k - 14. Determine g(8).
-6
Let z(p) = 2*p + 32. What is z(5)?
42
Let l(z) = z + 25. Give l(-20).
5
Let c(l) = -2*l**3 + 36*l**2 - l + 5. Calculate c(18).
-13
Let h(y) = 12*y - 59. Determine h(5).
1
Let x(o) = 16*o - 120. Calculate x(8).
8
Let n(h) = 18*h - 8. What is n(1)?
10
Let v(c) = -c**2 + 4*c + 2. Determine v(-4).
-30
Let v(d) = 42*d + 85. Determine v(-2).
1
Let p(u) = 43*u - 343. Give p(8).
1
Let g(f) = 4*f + 50. Give g(-10).
10
Let j(y) = -y**3 - 6*y**2 + y + 15. What is j(-5)?
-15
Let c(l) = 10*l + 29. Give c(0).
29
Let n(f) = -2*f**3 + 65*f**2 + 33*f - 29. Calculate n(33).
-29
Let u(h) = h**2 - 12*h + 17. Calculate u(10).
-3
Let x(l) = 6*l**2 + 4*l + 8. Determine x(-2).
24
Let r(x) = -4*x**3 + x**2 + 3*x + 1. What is r(3)?
-89
Let b(q) = -q**2 + 13*q - 30. Give b(5).
10
Let o(a) = -a**2 + 3*a - 3. What is o(2)?
-1
Let k(o) = 5*o**2 - 12*o - 4. Give k(3).
5
Let z(y) = 2*y**3 + 73*y**2 - 36*y + 39. Calculate z(-37).
2
Let o(z) = -9*z - 348. Give o(-36).
-24
Let v(s) = 9*s**2 + s + 2. What is v(-2)?
36
Let r(g) = -7*g + 4. Calculate r(-1).
11
Let u(w) = w**2 + 7*w + 5. What is u(-5)?
-5
Let p(x) = 7*x - 1. What is p(-4)?
-29
Let t(z) = -z**2 + 20*z - 88. Determine t(12).
8
Let z(w) = w**3 + 2*w**2 - 3*w + 6. Give z(-4).
-14
Let n(v) = 6*v**3 + 2*v**2 + v - 4. What is n(1)?
5
Let a(i) = i**3 - 6*i**2 + 4*i - 1. Calculate a(5).
-6
Let d(m) = 8*m - 27. Give d(16).
101
Let q(x) = 6*x**2 + x + 2. Calculate q(-1).
7
Let p(q) = q - 4. Calculate p(8).
4
Let v(b) = -3*b**2 + 86*b - 135. What is v(27)?
0
Let q(i) = -20*i - 316. Calculate q(-16).
4
Let o(w) = -w**3 - 28*w**2 + 58*w - 59. What is o(-30)?
1
Let g(b) = 3*b + 23. Determine g(6).
41
Let j(s) = -5*s - 19. Determine j(-3).
-4
Let d(z) = -7*z + 17. Calculate d(-1).
24
Let q(z) = -z**3 - 5*z**2 - 2*z - 4. Give q(-5).
6
Let a(k) = -k**3 + 11*k**2 + 27*k + 8. Determine a(13).
21
Let k(u) = u**2 - 9*u + 6. Determine k(4).
-14
Let h(f) = -2*f + 20. Calculate h(5).
10
Let i(d) = 2*d**3 - 6*d**2 - 6*d + 7. Give i(3).
-11
Let s(z) = 4*z - 80. Give s(20).
0
Let z(q) = q**3 + 17*q**2 - 86*q - 37. What is z(-21)?
5
Let v(h) = -h**2 + 7*h. Calculate v(8).
-8
Let d(q) = -14*q**3 + 2*q**2 - 1. What is d(-1)?
15
Let t(f) = 2*f + 45. Calculate t(-15).
15
Let h(y) = -y**2 + 14*y - 11. Calculate h(10).
29
Let b(n) = -n**2 + 11*n + 83. Calculate b(-4).
23
Let z(d) = 2*d**2 - 10*d - 22. Determine z(11).
110
Let v(i) = -4*i + 13. Determine v(3).
1
Let s(f) = -f**3 - 7*f**2 - 2*f + 20. Give s(-6).
-4
Let r(x) = -2*x**2 + 5*x + 2. Give r(-3).
-31
Let s(v) = -3*v**2 + 55*v - 144. Calculate s(3).
-6
Let v(n) = -n - 17. Calculate v(-25).
8
Let k(u) = -4*u**2 + 9*u + 11. Determine k(-2).
-23
Let h(w) = -w**2 + 19*w + 249. Give h(-9).
-3
Let a(v) = 7*v + 28. Calculate a(-5).
-7
Let c(r) = -r**3 - 4*r**2 + 3*r - 7. Determine c(-5).
3
Let g(z) = z + 26. Give g(6).
32
Let t(v) = 3*v**2 - 6*v + 16. What is t(2)?
16
Let g(w) = -58*w. What is g(1)?
-58
Let n(q) = -q**3 + 7*q**2 - q + 4. Give n(7).
-3
Let r(g) = g. Calculate r(3).
3
Let v(n) = -n + 3. Determine v(5).
-2
Let l(a) = 2*a**2 - 3*a - 4. Determine l(4).
16
Let g(o) = o**2 + 7*o - 3. Give g(-8).
5
Let q(y) = -4*y**2 - 2*y + 1. Give q(-1).
-1
Let r(l) = 2*l**3 - 4*l**2 + 5*l - 13. Determine r(3).
20
Let h(d) = d**3 + 4*d**2 + 2*d + 5. Determine h(-5).
-30
Let v(u) = 4*u + 21. Calculate v(11).
65
Let w(b) = b + 19. Determine w(-4).
15
Let r(u) = -65*u - 1. Calculate r(1).
-66
Let l(i) = i**3 - 10*i**2 + 2*i. Calculate l(10).
20
Let p(r) = r**3 + 13*r**2 - 33*r - 21. Give p(-15).
24
Let t(j) = -j**2 + 42*j - 424. Determine t(17).
1
Let q(s) = 7*s - 3. Determine q(-1).
-10
Let l(h) = h**3 + 9*h**2 - h - 1. Give l(-8).
71
Let n(k) = k**2 - 6. Determine n(13).
163
Let m(n) = -2*n - 31. Calculate m(-16).
1
Let r(s) = -s**3 - 11*s**2 - 21*s + 2. What is r(-9)?
29
Let s(c) = -c**3 + 1. What is s(-1)?
2
Let q(r) = -5*r**2 + 3. Calculate q(3).
-42
Let t(g) = -g**2 - 5*g + 2. Calculate t(-6).
-4
Let h(o) = -3*o**2 - 4*o - 7. What is h(-2)?
-11
Let u(z) = 